n factor of f and 3?
3
Let d(x) = -7*x**3 - 5*x**2 - 24*x - 56. Let c be d(-4). Calculate the highest common factor of c and 306.
102
Suppose -j + 4*u + 1 = -0*u, -3*j + 3*u + 21 = 0. Suppose -j*y = -28 - 71. Calculate the greatest common factor of y and 187.
11
Let w be 75/10*12/10. Suppose 2*q + 3 = w. Suppose -5*t + 0*t + 3*g = -1, 23 = 4*t + 5*g. Calculate the greatest common factor of t and q.
1
Let z(d) = 3*d**2 + 52*d + 273. Let q be z(-15). What is the highest common divisor of 35 and q?
7
Let h(j) = -j**2 + 7*j - 4. Let o be h(2). Suppose -o*m = -3*m - 99. Calculate the greatest common factor of 264 and m.
33
Let f = -8 - -7. Let g be (0*f/2)/2. Suppose -v + 2 + 2 = g, 0 = -3*o - 5*v + 95. What is the highest common factor of 5 and o?
5
Let o be ((-295)/(-15) - 13)*(-33)/(-5). Suppose -h = h - 22. Calculate the greatest common divisor of o and h.
11
Let h(c) = c + 53. Let b be h(0). Suppose 2*a - 115 = b. Let j be a + 4 - (-5 + 3). Calculate the greatest common divisor of j and 10.
10
Suppose 14*i - 904 = 1868. Calculate the highest common divisor of 22 and i.
22
Let j(y) be the second derivative of 35*y**3/3 - y**2/2 + 10*y. Let m be j(3). What is the highest common divisor of 19 and m?
19
Let w(b) = -7*b**3 - b**2 + b + 1. Let r be w(-1). Let z = r - 9. Let g be (-11 - -1)/(z - -1). What is the highest common divisor of g and 5?
5
Suppose 68*v = 40835 + 6425. Calculate the greatest common factor of v and 10.
5
Let n = 74 - 44. Let j = n + -8. Calculate the highest common factor of j and 88.
22
Suppose -24 = -3*y - 5*t + 4, 22 = 3*y + 2*t. Suppose -x + y*x = 5*f + 65, 5*x - 3*f - 55 = 0. What is the greatest common factor of 64 and x?
8
Suppose 3*k - 1125 = -2*k + b, 0 = k - 2*b - 234. What is the greatest common factor of k and 7?
7
Let l(y) = y**2 + 9*y + 2. Let u be l(-4). Let x be (150/u)/((-3)/45). Calculate the greatest common divisor of 25 and x.
25
Suppose -4*h + 1 = -2*h + 5*g, 5 = -5*h - 5*g. Let p(u) = -4*u - 3. Let b be p(h). Suppose 0 = -2*q + 16 + 14. Calculate the highest common factor of b and q.
5
Let c be ((-2)/6 + 0)/((-7)/84). Let r(k) = k**3 - 2*k**2 - 7*k. Let z be r(c). Calculate the greatest common divisor of z and 8.
4
Let w(b) = 7 - 4 - 3*b**2 + 9 + 33*b + b**2. Let c be w(16). Calculate the greatest common divisor of c and 70.
14
Let y = 359 + -205. Suppose -5*t + h + 0*h = -34, 4*h = 4. Let f = t + 7. Calculate the greatest common divisor of y and f.
14
Let y(d) = d**2 + 10*d + 6. Let j be y(-10). Suppose j*b - 7*b = 25. Let g be 10/b + 602/5. Calculate the highest common divisor of 15 and g.
15
Let i = 26 - 15. Suppose 12*c - 5 = i*c. Calculate the highest common divisor of 5 and c.
5
Let q(f) = -12*f + 1. Let w be q(2). Let t = w - -47. Let b = 8 - 5. Calculate the highest common factor of b and t.
3
Suppose 9 = -2*p + 1, 0 = 2*b + 4*p. Suppose -164*z = -132*z - 256. What is the greatest common factor of b and z?
8
Let n be (1 - -2)/(12/84). Let h = 0 + n. Suppose h = -2*z + 3*z. What is the greatest common factor of 105 and z?
21
Suppose 61 + 104 = -3*i. Let o = -31 - i. Let b(h) = 5*h - 1. Let v be b(5). Calculate the greatest common divisor of o and v.
24
Suppose 5*s = 25, 3*s = -3*n + 11 + 16. Suppose -4*g = -0*g - 144. Suppose 0*c - g = -3*c. Calculate the highest common divisor of c and n.
4
Let d(m) = -8*m**3. Let o(r) = -r**3 - r**2 - 1. Let u be o(-1). Let a be d(u). Suppose y = -y + a. Calculate the greatest common factor of y and 4.
4
Suppose 13 + 3 = 2*v. Suppose -41 = g - 2*a, 4*a = -0 - 4. Let h = 67 + g. What is the highest common factor of v and h?
8
Let x be (1/3)/(3/99). Suppose x*a = 15*a - 4. Let q be (-24)/(-14) - 14/(-49). What is the greatest common divisor of q and a?
1
Suppose 1250 = 559*g - 549*g. What is the highest common divisor of g and 1?
1
Let a be 45387/54 - 2/4. Calculate the highest common divisor of a and 24.
24
Suppose 5*m = -4*a - 4 - 5, -3*m = 3*a + 6. Let r be (21/(-12))/(m/(-4)). Let z be (-3 + r)*4/(-5). What is the greatest common divisor of 32 and z?
8
Let g(l) = -2*l**3 + 22*l**2 + 6*l - 42. Let x be g(11). Calculate the highest common divisor of x and 564.
12
Suppose -5*d + 104 = 2*t, -3*d + 4*t = 8*t - 68. Suppose -5*y = -d, 4*m + 75 = -2*y + 195. What is the greatest common divisor of 4 and m?
4
Let c be 420/(-40)*4/(-1). Suppose 4*x + 2*b = -0*b + 346, 5*x = 2*b + 410. What is the highest common divisor of c and x?
42
Let a = 149 - 77. Let d be ((-12)/(-20) - (-21)/15) + 6. Calculate the highest common factor of a and d.
8
Let h be (-5)/(-5)*-4 - (0 + -3904). What is the highest common factor of 156 and h?
156
Let q be (-1 - 0)*858/(-22). Calculate the greatest common factor of 104 and q.
13
Suppose -2*p - 2*p + 4*v = -40, 3*v = -3*p + 42. Let c = p - -20. Let k be (-39)/(-9) + (-1)/3. Calculate the greatest common factor of k and c.
4
Let r be -3 + ((-16974)/(-378) - 2/(-21)). Let u = 23 - 9. Calculate the highest common divisor of r and u.
14
Suppose -5 = 5*k - 30, 5*g - 30 = -2*k. Suppose -11 = g*c - 59. What is the highest common divisor of 4 and c?
4
Let m(x) be the third derivative of 0 + 0*x - 6*x**2 + 1/12*x**4 - 1/2*x**3. Let d be m(10). Calculate the greatest common factor of 136 and d.
17
Suppose 2*r - 150 = 4*w + 4*r, -2*r = -3*w - 95. Let h be 15/w + 143/7. Calculate the highest common divisor of h and 10.
10
Let q(z) = z**3 - 6*z**2 - 4. Let y(b) = 7*b. Suppose 6*a = 3*a + 3. Let k be y(a). Let o be q(k). What is the greatest common factor of o and 9?
9
Let a be (-15)/(2/16*-6). Let s(h) = 3*h + 3. Let o be s(-1). Let l(p) = p**3 + p**2 + 160. Let m be l(o). Calculate the highest common factor of a and m.
20
Let q be (-1)/((-2)/(2 - -70)). Let c be -2*(20/8 + -3). Suppose -c = -5*a + 59. Calculate the greatest common factor of a and q.
12
Let b be 0 - ((-220)/66)/(2/81). Calculate the greatest common factor of b and 27.
27
Let g(y) be the second derivative of -y**4/12 - 25*y**3/6 - 35*y**2/2 + 49*y. Let m be g(-23). What is the highest common factor of m and 44?
11
Let s = 100 + -4. Let m = s - 73. What is the highest common divisor of m and 46?
23
Suppose -4*u - 236 = -40. Let l = u + 73. Let q = -206 + 350. What is the highest common factor of l and q?
24
Let a(z) = 32*z + 3. Let y be a(3). Let f(k) = -k**3 - 3*k**2 + 19*k + 15. Let c be f(-6). What is the greatest common divisor of c and y?
9
Let c = -56 + 101. Suppose 0 = -t + 18. Suppose 18*m + t = 20*m. What is the highest common factor of c and m?
9
Suppose 3*d + 4*w - 64 = 0, -3*w - 34 = -3*d + 65. Calculate the greatest common factor of 28 and d.
28
Let g be (-3587)/(-34) + (-3)/(-6) - -6. What is the highest common divisor of g and 49?
7
Let t = 429 + -49. Let k = -86 + t. Let a = 130 + -88. Calculate the highest common factor of k and a.
42
Let a(y) = 4*y**3 - 6*y**2. Let z be a(4). Suppose 2*o = -0*o + z. Suppose n - 91 - o = 0. Calculate the greatest common factor of 19 and n.
19
Let v = -1446 - -1465. Let o(l) = -l**3 - 7. Let n be o(-6). Calculate the greatest common factor of n and v.
19
Suppose 17*i - 9 = 14*i. Let q be -3*(i + 62)*1/(-3). Calculate the greatest common factor of q and 5.
5
Let j be 1/(-3)*0 - 2. Let x = j + -1. Let p be x/12 - 225/(-20). Calculate the greatest common divisor of p and 11.
11
Let l be ((-32)/10)/(24/(-60)). Let u be l*1/(-2) + 44. What is the highest common factor of 160 and u?
40
Let o = -157 - -276. Let n(h) = 60*h - 1. Let i be n(2). Suppose 0 = 5*y + 34 - i. Calculate the highest common divisor of y and o.
17
Let w = -799 - -1528. What is the highest common divisor of w and 27?
27
Suppose 2*o + 60 = 3*c - 23, 87 = 3*c - 3*o. Calculate the highest common factor of c and 975.
25
Let l = 675 - 605. Calculate the highest common factor of 170 and l.
10
Let h = 442 + -314. What is the greatest common divisor of h and 4?
4
Suppose 140 = 5*a + 5*d, -2*a + 41 = -d - 0*d. Suppose 4*h + 157 = 2*r + a, 6 = -3*h. Suppose -2*w - w = -r. Calculate the greatest common factor of 147 and w.
21
Suppose 13*h + h + 280 = 0. Let v be ((-50)/2)/(-5) - h. What is the greatest common factor of 25 and v?
25
Let y be (-4)/18 + 1010/9. Suppose 4*q - 2*q - y = 0. Suppose 2*n + q = 4*n. Calculate the greatest common divisor of 7 and n.
7
Let o(x) = -x**3 + 24*x**2 